{"id":5889,"date":"2025-07-07T12:32:25","date_gmt":"2025-07-07T15:32:25","guid":{"rendered":"http:\/\/sindmotorlix.com.br\/wp\/?page_id=5889"},"modified":"2025-07-07T12:32:27","modified_gmt":"2025-07-07T15:32:27","slug":"fala-do-presidente-3","status":"publish","type":"page","link":"https:\/\/sindmotorlix.com.br\/wp\/?page_id=5889","title":{"rendered":"Fala do presidente"},"content":{"rendered":"<div class=\"wp-block-image\">\n<figure class=\"alignleft size-full\"><img fetchpriority=\"high\" decoding=\"async\" width=\"300\" height=\"300\" src=\"http:\/\/sindmotorlix.com.br\/wp\/wp-content\/uploads\/2025\/07\/Marc-o-3-300x300-1.jpg\" alt=\"\" class=\"wp-image-5890\" srcset=\"https:\/\/sindmotorlix.com.br\/wp\/wp-content\/uploads\/2025\/07\/Marc-o-3-300x300-1.jpg 300w, https:\/\/sindmotorlix.com.br\/wp\/wp-content\/uploads\/2025\/07\/Marc-o-3-300x300-1-150x150.jpg 150w\" sizes=\"(max-width: 300px) 100vw, 300px\" \/><\/figure><\/div>\n\n\n<p>As a\u00e7\u00f5es de fortalecimento do instrumento de uni\u00e3o dos trabalhadores para a defesa e conquista de seus direitos, tem que ser uma preocupa\u00e7\u00e3o di\u00e1ria do dirigente sindical. A&nbsp;sociedade esta cada vez mais din\u00e2mica, o sindicato n\u00e3o \u00e9 um ente pronto e acabado, imune \u00e0s mudan\u00e7as sociais; \u00e9 preciso constru\u00ed-lo e fortalec\u00ea-lo todo dia.<\/p>\n\n\n\n<p>A nossa diretoria&nbsp;trabalha incansavelmente para fortalecer o trabalhador motorista em empresa de coleta de grandes geradores. O Sindmotorlix&nbsp; tamb\u00e9m apoia grandes lutas nacionais e tem na \u00e9tica e na solidariedade sindical seus pilares.<\/p>\n\n\n\n<p>Estamos aqui sempre ao dispor de voc\u00ea trabalhador e trabalhadora da categoria.<\/p>\n\n\n\n<p>Vamos construir o nosso amanh\u00e3 juntos!<\/p>\n\n\n\n<p><strong>&nbsp;Marco Antonio Domingos \u2013 Presidente<\/strong><\/p>\n","protected":false},"excerpt":{"rendered":"<p>As a\u00e7\u00f5es de fortalecimento do instrumento de uni\u00e3o dos trabalhadores para a defesa e conquista de seus direitos, tem que ser uma preocupa\u00e7\u00e3o di\u00e1ria do dirigente sindical. A&nbsp;sociedade esta cada&hellip;<\/p>\n","protected":false},"author":1,"featured_media":0,"parent":0,"menu_order":0,"comment_status":"closed","ping_status":"closed","template":"","meta":{"content-type":"","_lmt_disableupdate":"","_lmt_disable":"","footnotes":""},"class_list":["post-5889","page","type-page","status-publish","hentry"],"_links":{"self":[{"href":"https:\/\/sindmotorlix.com.br\/wp\/index.php?rest_route=\/wp\/v2\/pages\/5889","targetHints":{"allow":["GET"]}}],"collection":[{"href":"https:\/\/sindmotorlix.com.br\/wp\/index.php?rest_route=\/wp\/v2\/pages"}],"about":[{"href":"https:\/\/sindmotorlix.com.br\/wp\/index.php?rest_route=\/wp\/v2\/types\/page"}],"author":[{"embeddable":true,"href":"https:\/\/sindmotorlix.com.br\/wp\/index.php?rest_route=\/wp\/v2\/users\/1"}],"replies":[{"embeddable":true,"href":"https:\/\/sindmotorlix.com.br\/wp\/index.php?rest_route=%2Fwp%2Fv2%2Fcomments&post=5889"}],"version-history":[{"count":1,"href":"https:\/\/sindmotorlix.com.br\/wp\/index.php?rest_route=\/wp\/v2\/pages\/5889\/revisions"}],"predecessor-version":[{"id":5891,"href":"https:\/\/sindmotorlix.com.br\/wp\/index.php?rest_route=\/wp\/v2\/pages\/5889\/revisions\/5891"}],"wp:attachment":[{"href":"https:\/\/sindmotorlix.com.br\/wp\/index.php?rest_route=%2Fwp%2Fv2%2Fmedia&parent=5889"}],"curies":[{"name":"wp","href":"https:\/\/api.w.org\/{rel}","templated":true}]}}

<div class="wp-block-image">
<figure class="alignleft size-full"><img fetchpriority="high" decoding="async" width="300" height="300" src="http://sindmotorlix.com.br/wp/wp-content/uploads/2025/07/Marc-o-3-300x300-1.jpg" alt="" class="wp-image-5890" srcset="https://sindmotorlix.com.br/wp/wp-content/uploads/2025/07/Marc-o-3-300x300-1.jpg 300w, https://sindmotorlix.com.br/wp/wp-content/uploads/2025/07/Marc-o-3-300x300-1-150x150.jpg 150w" sizes="(max-width: 300px) 100vw, 300px" /></figure></div>


<p>As ações de fortalecimento do instrumento de união dos trabalhadores para a defesa e conquista de seus direitos, tem que ser uma preocupação diária do dirigente sindical. A&nbsp;sociedade esta cada vez mais dinâmica, o sindicato não é um ente pronto e acabado, imune às mudanças sociais; é preciso construí-lo e fortalecê-lo todo dia.</p>



<p>A nossa diretoria&nbsp;trabalha incansavelmente para fortalecer o trabalhador motorista em empresa de coleta de grandes geradores. O Sindmotorlix&nbsp; também apoia grandes lutas nacionais e tem na ética e na solidariedade sindical seus pilares.</p>



<p>Estamos aqui sempre ao dispor de você trabalhador e trabalhadora da categoria.</p>



<p>Vamos construir o nosso amanhã juntos!</p>



<p><strong>&nbsp;Marco Antonio Domingos – Presidente</strong></p>

<p>As ações de fortalecimento do instrumento de união dos trabalhadores para a defesa e conquista de seus direitos, tem que ser uma preocupação diária do dirigente sindical. A&nbsp;sociedade esta cada&hellip;</p>
