{"id":5925,"date":"2025-07-07T12:52:10","date_gmt":"2025-07-07T15:52:10","guid":{"rendered":"http:\/\/sindmotorlix.com.br\/wp\/?page_id=5925"},"modified":"2025-08-13T09:56:37","modified_gmt":"2025-08-13T12:56:37","slug":"convencoes-e-comunicados","status":"publish","type":"page","link":"https:\/\/sindmotorlix.com.br\/wp\/?page_id=5925","title":{"rendered":"Conven\u00e7\u00f5es e Comunicados"},"content":{"rendered":"\n<p class=\"has-text-align-center\"><strong>Motoristas de Coleta de Lixo Industrial de S\u00e3o Paulo<\/strong><\/p>\n\n\n\n<p class=\"has-text-align-center\"><a href=\"https:\/\/sindmotorlix.com.br\/wp\/wp-content\/uploads\/2025\/08\/Convencao-Coletiva-de-Trabalho_Mediador-Mte_SINDMOTORLIX-2025-2026.pdf\" target=\"_blank\" rel=\"noreferrer noopener\">Conven\u00e7\u00e3o Coletiva 2025-2026<\/a><\/p>\n\n\n\n<p class=\"has-text-align-center\"><a href=\"http:\/\/sindmotorlix.com.br\/wp\/wp-content\/uploads\/2025\/07\/CCT-2024-2025.pdf\" target=\"_blank\" rel=\"noreferrer noopener\">Conven\u00e7\u00e3o Coletiva 2024-2025<\/a><\/p>\n\n\n\n<p class=\"has-text-align-center\"><a href=\"http:\/\/sindmotorlix.com.br\/wp\/wp-content\/uploads\/2025\/07\/CCT-2023-2024.pdf\" target=\"_blank\" rel=\"noreferrer noopener\">Conven\u00e7\u00e3o Coletiva 2023-2024<\/a><\/p>\n\n\n\n<p class=\"has-text-align-center\"><a href=\"http:\/\/sindmotorlix.com.br\/wp\/wp-content\/uploads\/2025\/07\/CCT-2022-2023.pdf\" target=\"_blank\" rel=\"noreferrer noopener\">Conven\u00e7\u00e3o Coletiva 2022-2023<\/a><\/p>\n\n\n\n<p class=\"has-text-align-center\"><a href=\"http:\/\/sindmotorlix.com.br\/wp\/wp-content\/uploads\/2025\/07\/CCT-2021-2022.pdf\" target=\"_blank\" rel=\"noreferrer noopener\">Conven\u00e7\u00e3o Coletiva 2021-2022<\/a><\/p>\n\n\n\n<p class=\"has-text-align-center\"><a href=\"http:\/\/sindmotorlix.com.br\/wp\/wp-content\/uploads\/2025\/07\/CCT-2020-2021.pdf\" target=\"_blank\" rel=\"noreferrer noopener\">Conven\u00e7\u00e3o Coletiva 2020-2021<\/a><\/p>\n\n\n\n<p class=\"has-text-align-center\"><a href=\"http:\/\/sindmotorlix.com.br\/wp\/wp-content\/uploads\/2025\/07\/CCT-2019-2020.pdf\" target=\"_blank\" rel=\"noreferrer noopener\">Conven\u00e7\u00e3o Coletiva 2019-2020<\/a><\/p>\n\n\n\n<p class=\"has-text-align-center\"><a href=\"http:\/\/sindmotorlix.com.br\/wp\/wp-content\/uploads\/2025\/07\/CCT-2018-2019.pdf\" target=\"_blank\" rel=\"noreferrer noopener\">Conven\u00e7\u00e3o Coletiva 2018-2019<\/a><\/p>\n\n\n\n<p class=\"has-text-align-center\"><a href=\"http:\/\/sindmotorlix.com.br\/wp\/wp-content\/uploads\/2025\/07\/CCT-2017-2018.pdf\" target=\"_blank\" rel=\"noreferrer noopener\">Conven\u00e7\u00e3o Coletiva 2017-2018<\/a><\/p>\n\n\n\n<p class=\"has-text-align-center\"><a href=\"http:\/\/sindmotorlix.com.br\/wp\/wp-content\/uploads\/2025\/07\/CCT-2016-2017.pdf\" target=\"_blank\" rel=\"noreferrer noopener\">Conven\u00e7\u00e3o Coletiva 2016-2017<\/a><\/p>\n\n\n\n<p class=\"has-text-align-center\"><a href=\"http:\/\/sindmotorlix.com.br\/wp\/wp-content\/uploads\/2025\/07\/CCT-2015-2016.pdf\" target=\"_blank\" rel=\"noreferrer noopener\">Conven\u00e7\u00e3o Coletiva 2015-2016<\/a><\/p>\n\n\n\n<p class=\"has-text-align-center\"><a href=\"http:\/\/sindmotorlix.com.br\/wp\/wp-content\/uploads\/2025\/07\/CCT-2014-2015.pdf\" target=\"_blank\" rel=\"noreferrer noopener\">Conven\u00e7\u00e3o Coletiva 2014-2015<\/a><\/p>\n\n\n\n<p class=\"has-text-align-center\"><a href=\"http:\/\/sindmotorlix.com.br\/wp\/wp-content\/uploads\/2025\/07\/CCT-2013-2014.pdf\" target=\"_blank\" rel=\"noreferrer noopener\">Conven\u00e7\u00e3o Coletiva 2013-2014<\/a><\/p>\n\n\n\n<p class=\"has-text-align-center\"><a href=\"http:\/\/sindmotorlix.com.br\/wp\/wp-content\/uploads\/2025\/07\/CCT-2012-2013.pdf\" target=\"_blank\" rel=\"noreferrer noopener\">Conven\u00e7\u00e3o Coletiva 2012-2013<\/a><\/p>\n\n\n\n<p class=\"has-text-align-center\"><a href=\"http:\/\/sindmotorlix.com.br\/wp\/wp-content\/uploads\/2025\/07\/CCT-2011-2012.pdf\" target=\"_blank\" rel=\"noreferrer noopener\">Conven\u00e7\u00e3o Coletiva 2011-2012<\/a><\/p>\n\n\n\n<p class=\"has-text-align-center\"><a href=\"http:\/\/sindmotorlix.com.br\/wp\/wp-content\/uploads\/2025\/07\/CCT-2010-2011.pdf\" target=\"_blank\" rel=\"noreferrer noopener\">Conven\u00e7\u00e3o Coletiva 2010-2011<\/a><\/p>\n\n\n\n<p class=\"has-text-align-center\"><a href=\"http:\/\/sindmotorlix.com.br\/wp\/wp-content\/uploads\/2025\/07\/CCT-2009-2010.pdf\" target=\"_blank\" rel=\"noreferrer noopener\">Conven\u00e7\u00e3o Coletiva 2009-2010<\/a><\/p>\n\n\n\n<p class=\"has-text-align-center\"><a href=\"http:\/\/sindmotorlix.com.br\/wp\/wp-content\/uploads\/2025\/07\/CCT-2008-2009.pdf\" target=\"_blank\" rel=\"noreferrer noopener\">Conven\u00e7\u00e3o Coletiva 2008-2009<\/a><\/p>\n","protected":false},"excerpt":{"rendered":"<p>Motoristas de Coleta de Lixo Industrial de S\u00e3o Paulo Conven\u00e7\u00e3o Coletiva 2025-2026 Conven\u00e7\u00e3o Coletiva 2024-2025 Conven\u00e7\u00e3o Coletiva 2023-2024 Conven\u00e7\u00e3o Coletiva 2022-2023 Conven\u00e7\u00e3o Coletiva 2021-2022 Conven\u00e7\u00e3o Coletiva 2020-2021 Conven\u00e7\u00e3o Coletiva 2019-2020&hellip;<\/p>\n","protected":false},"author":1,"featured_media":0,"parent":0,"menu_order":0,"comment_status":"closed","ping_status":"closed","template":"","meta":{"content-type":"","_lmt_disableupdate":"","_lmt_disable":"","footnotes":""},"class_list":["post-5925","page","type-page","status-publish","hentry"],"_links":{"self":[{"href":"https:\/\/sindmotorlix.com.br\/wp\/index.php?rest_route=\/wp\/v2\/pages\/5925","targetHints":{"allow":["GET"]}}],"collection":[{"href":"https:\/\/sindmotorlix.com.br\/wp\/index.php?rest_route=\/wp\/v2\/pages"}],"about":[{"href":"https:\/\/sindmotorlix.com.br\/wp\/index.php?rest_route=\/wp\/v2\/types\/page"}],"author":[{"embeddable":true,"href":"https:\/\/sindmotorlix.com.br\/wp\/index.php?rest_route=\/wp\/v2\/users\/1"}],"replies":[{"embeddable":true,"href":"https:\/\/sindmotorlix.com.br\/wp\/index.php?rest_route=%2Fwp%2Fv2%2Fcomments&post=5925"}],"version-history":[{"count":7,"href":"https:\/\/sindmotorlix.com.br\/wp\/index.php?rest_route=\/wp\/v2\/pages\/5925\/revisions"}],"predecessor-version":[{"id":6159,"href":"https:\/\/sindmotorlix.com.br\/wp\/index.php?rest_route=\/wp\/v2\/pages\/5925\/revisions\/6159"}],"wp:attachment":[{"href":"https:\/\/sindmotorlix.com.br\/wp\/index.php?rest_route=%2Fwp%2Fv2%2Fmedia&parent=5925"}],"curies":[{"name":"wp","href":"https:\/\/api.w.org\/{rel}","templated":true}]}}

Convenções e Comunicados

<p class="has-text-align-center"><strong>Motoristas de Coleta de Lixo Industrial de São Paulo</strong></p>



<p class="has-text-align-center"><a href="https://sindmotorlix.com.br/wp/wp-content/uploads/2025/08/Convencao-Coletiva-de-Trabalho_Mediador-Mte_SINDMOTORLIX-2025-2026.pdf" target="_blank" rel="noreferrer noopener">Convenção Coletiva 2025-2026</a></p>



<p class="has-text-align-center"><a href="http://sindmotorlix.com.br/wp/wp-content/uploads/2025/07/CCT-2024-2025.pdf" target="_blank" rel="noreferrer noopener">Convenção Coletiva 2024-2025</a></p>



<p class="has-text-align-center"><a href="http://sindmotorlix.com.br/wp/wp-content/uploads/2025/07/CCT-2023-2024.pdf" target="_blank" rel="noreferrer noopener">Convenção Coletiva 2023-2024</a></p>



<p class="has-text-align-center"><a href="http://sindmotorlix.com.br/wp/wp-content/uploads/2025/07/CCT-2022-2023.pdf" target="_blank" rel="noreferrer noopener">Convenção Coletiva 2022-2023</a></p>



<p class="has-text-align-center"><a href="http://sindmotorlix.com.br/wp/wp-content/uploads/2025/07/CCT-2021-2022.pdf" target="_blank" rel="noreferrer noopener">Convenção Coletiva 2021-2022</a></p>



<p class="has-text-align-center"><a href="http://sindmotorlix.com.br/wp/wp-content/uploads/2025/07/CCT-2020-2021.pdf" target="_blank" rel="noreferrer noopener">Convenção Coletiva 2020-2021</a></p>



<p class="has-text-align-center"><a href="http://sindmotorlix.com.br/wp/wp-content/uploads/2025/07/CCT-2019-2020.pdf" target="_blank" rel="noreferrer noopener">Convenção Coletiva 2019-2020</a></p>



<p class="has-text-align-center"><a href="http://sindmotorlix.com.br/wp/wp-content/uploads/2025/07/CCT-2018-2019.pdf" target="_blank" rel="noreferrer noopener">Convenção Coletiva 2018-2019</a></p>



<p class="has-text-align-center"><a href="http://sindmotorlix.com.br/wp/wp-content/uploads/2025/07/CCT-2017-2018.pdf" target="_blank" rel="noreferrer noopener">Convenção Coletiva 2017-2018</a></p>



<p class="has-text-align-center"><a href="http://sindmotorlix.com.br/wp/wp-content/uploads/2025/07/CCT-2016-2017.pdf" target="_blank" rel="noreferrer noopener">Convenção Coletiva 2016-2017</a></p>



<p class="has-text-align-center"><a href="http://sindmotorlix.com.br/wp/wp-content/uploads/2025/07/CCT-2015-2016.pdf" target="_blank" rel="noreferrer noopener">Convenção Coletiva 2015-2016</a></p>



<p class="has-text-align-center"><a href="http://sindmotorlix.com.br/wp/wp-content/uploads/2025/07/CCT-2014-2015.pdf" target="_blank" rel="noreferrer noopener">Convenção Coletiva 2014-2015</a></p>



<p class="has-text-align-center"><a href="http://sindmotorlix.com.br/wp/wp-content/uploads/2025/07/CCT-2013-2014.pdf" target="_blank" rel="noreferrer noopener">Convenção Coletiva 2013-2014</a></p>



<p class="has-text-align-center"><a href="http://sindmotorlix.com.br/wp/wp-content/uploads/2025/07/CCT-2012-2013.pdf" target="_blank" rel="noreferrer noopener">Convenção Coletiva 2012-2013</a></p>



<p class="has-text-align-center"><a href="http://sindmotorlix.com.br/wp/wp-content/uploads/2025/07/CCT-2011-2012.pdf" target="_blank" rel="noreferrer noopener">Convenção Coletiva 2011-2012</a></p>



<p class="has-text-align-center"><a href="http://sindmotorlix.com.br/wp/wp-content/uploads/2025/07/CCT-2010-2011.pdf" target="_blank" rel="noreferrer noopener">Convenção Coletiva 2010-2011</a></p>



<p class="has-text-align-center"><a href="http://sindmotorlix.com.br/wp/wp-content/uploads/2025/07/CCT-2009-2010.pdf" target="_blank" rel="noreferrer noopener">Convenção Coletiva 2009-2010</a></p>



<p class="has-text-align-center"><a href="http://sindmotorlix.com.br/wp/wp-content/uploads/2025/07/CCT-2008-2009.pdf" target="_blank" rel="noreferrer noopener">Convenção Coletiva 2008-2009</a></p>

<p>Motoristas de Coleta de Lixo Industrial de São Paulo Convenção Coletiva 2025-2026 Convenção Coletiva 2024-2025 Convenção Coletiva 2023-2024 Convenção Coletiva 2022-2023 Convenção Coletiva 2021-2022 Convenção Coletiva 2020-2021 Convenção Coletiva 2019-2020&hellip;</p>
